late the remainder when 52622 is divided by 1052.
22
Calculate the remainder when 39002481 is divided by 721.
707
Calculate the remainder when 27355 is divided by 4429.
781
What is the remainder when 108900916 is divided by 82?
78
What is the remainder when 38975567 is divided by 25?
17
Calculate the remainder when 1124538 is divided by 9375.
8913
Calculate the remainder when 2115967 is divided by 505.
17
What is the remainder when 170593 is divided by 58?
15
What is the remainder when 46243 is divided by 22910?
423
What is the remainder when 121011 is divided by 122?
109
Calculate the remainder when 43725 is divided by 2961.
2271
Calculate the remainder when 2649477 is divided by 142.
41
What is the remainder when 2432155 is divided by 627?
22
Calculate the remainder when 15938518 is divided by 1608.
22
Calculate the remainder when 13200149 is divided by 84616.
53
What is the remainder when 322746 is divided by 130?
86
What is the remainder when 5888761 is divided by 292?
289
What is the remainder when 536051423 is divided by 91?
89
What is the remainder when 1179082 is divided by 25632?
10
Calculate the remainder when 389709 is divided by 77833.
544
What is the remainder when 15318667 is divided by 478708?
11
What is the remainder when 465621 is divided by 522?
519
Calculate the remainder when 160982504 is divided by 5465.
5464
What is the remainder when 148603 is divided by 148389?
214
Calculate the remainder when 275074 is divided by 134.
106
Calculate the remainder when 3242194 is divided by 405252.
178
What is the remainder when 45312 is divided by 45301?
11
What is the remainder when 96564574 is divided by 2798?
2796
Calculate the remainder when 37132 is divided by 1041.
697
Calculate the remainder when 481469 is divided by 21881.
87
Calculate the remainder when 21367299 is divided by 170.
169
What is the remainder when 3082280 is divided by 46004?
12
Calculate the remainder when 976989 is divided by 97694.
49
What is the remainder when 54653219 is divided by 1662?
11
What is the remainder when 61132606 is divided by 5421?
5410
Calculate the remainder when 1105612 is divided by 2313.
2311
Calculate the remainder when 74746031 is divided by 17.
6
Calculate the remainder when 47709740 is divided by 9541941.
35
Calculate the remainder when 16546 is divided by 84.
82
What is the remainder when 104996 is divided by 2?
0
What is the remainder when 547381 is divided by 340?
321
What is the remainder when 615926 is divided by 1937?
1897
What is the remainder when 71013 is divided by 2156?
2021
Calculate the remainder when 12585329 is divided by 90.
89
Calculate the remainder when 1706381 is divided by 169.
157
Calculate the remainder when 1508686 is divided by 80.
46
What is the remainder when 213056 is divided by 6657?
32
Calculate the remainder when 31433 is divided by 3454.
347
Calculate the remainder when 30895070 is divided by 392.
374
Calculate the remainder when 14073570 is divided by 965.
10
What is the remainder when 2221878 is divided by 55?
43
Calculate the remainder when 41760318 is divided by 349.
25
What is the remainder when 2156043945 is divided by 762?
759
Calculate the remainder when 802900 is divided by 1963.
33
Calculate the remainder when 11856 is divided by 325.
156
What is the remainder when 34916 is divided by 1200?
116
Calculate the remainder when 164090 is divided by 20493.
146
What is the remainder when 95790 is divided by 1062?
210
What is the remainder when 4790791 is divided by 684397?
12
Calculate the remainder when 10688313 is divided by 597.
222
What is the remainder when 10766 is divided by 1183?
119
What is the remainder when 2597671 is divided by 88?
87
Calculate the remainder when 6158480 is divided by 895.
880
Calculate the remainder when 10477 is divided by 238.
5
Calculate the remainder when 63684 is divided by 5362.
4702
What is the remainder when 210511 is divided by 3296?
2863
What is the remainder when 2466938 is divided by 91368?
2
What is the remainder when 41606645 is divided by 91?
80
What is the remainder when 8739932 is divided by 1456652?
20
Calculate the remainder when 286618 is divided by 57293.
153
What is the remainder when 16134342 is divided by 191?
190
What is the remainder when 708125 is divided by 5130?
185
What is the remainder when 57577 is divided by 28589?
399
Calculate the remainder when 17788675 is divided by 8894332.
11
What is the remainder when 859478 is divided by 26044?
26
Calculate the remainder when 54234 is divided by 5363.
604
Calculate the remainder when 1731814 is divided by 440.
414
What is the remainder when 62052212 is divided by 5090?
22
What is the remainder when 19287677 is divided by 30?
17
What is the remainder when 746765 is divided by 574?
565
Calculate the remainder when 20832976 is divided by 84344.
8
What is the remainder when 25393140 is divided by 29?
15
What is the remainder when 24076098 is divided by 8025294?
216
Calculate the remainder when 13160467 is divided by 274176.
19
What is the remainder when 59223 is divided by 514?
113
Calculate the remainder when 753456 is divided by 172.
96
What is the remainder when 523879 is divided by 43?
10
What is the remainder when 27066197 is divided by 1095?
1082
Calculate the remainder when 18345693 is divided by 944.
941
Calculate the remainder when 2158235 is divided by 16475.
10
Calculate the remainder when 138739 is divided by 1502.
555
What is the remainder when 21578936 is divided by 142?
48
Calculate the remainder when 821762 is divided by 45.
17
What is the remainder when 137066437 is divided by 280?
277
What is the remainder when 9331255 is divided by 3110414?
13
What is the remainder when 40539 is divided by 5034?
267
What is the remainder when 41247 is divided by 18522?
4203
What is the remainder when 223977 is divided by 74656?
9
What is the remainder when 145423062 is divided by 23?
19
Calculate the remainder when 492731 is divided by 57.
23
What is the remainder when 820275 is divided by 204?
195
Calculate the remainder when 47235987 is divided by 80.
67
What is the remainder when 12673054 is divided by 4224351?
1
Calculate the remainder when 3552430 is divided by 1776191.
48
What is the remainder when 164340 is divided by 485?
410
Calculate the remainder when 3039599 is divided by 15047.
105
What is the remainder when 29865906 is divided by 3524?
6
What is the remainder when 2028594 is divided by 13?
9
What is the remainder when 327265 is divided by 366?
61
Calculate the remainder when 3078637 is divided by 2058.
1927
What is the remainder when 15471 is divided by 12357?
3114
Calculate the remainder when 6501133 is divided by 73875.
133
What is the remainder when 885867 is divided by 1297?
16
Calculate the remainder when 1902895 is divided by 951334.
227
Calculate the remainder when 711183 is divided by 48.
15
What is the remainder when 447130 is divided by 223534?
62
What is the remainder when 5537 is divided by 4259?
1278
Calculate the remainder when 20370774 is divided by 30.
24
Calculate the remainder when 5680 is divided by 4975.
705
What is the remainder when 4975232 is divided by 7232?
6848
Calculate the remainder when 708410 is divided by 50599.
24
Calculate the remainder when 1543511 is divided by 4900.
11
What is the remainder when 395986 is divided by 30179?
3659
What is the remainder when 775465 is divided by 158?
1
What is the remainder when 316951 is divided by 2186?
2167
What is the remainder when 2696474 is divided by 24966?
146
Calculate the remainder when 12208430 is divided by 23122.
14
What is the remainder when 1274029 is divided by 6184?
125
What is the remainder when 15556578 is divided by 13?
11
What is the remainder when 4424916 is divided by 1568?
20
What is the remainder when 41036 is divided by 13569?
329
What is the remainder when 18279587 is divided by 2955?
2912
What is the remainder when 69909 is divided by 931?
84
Calculate the remainder when 67138 is divided by 16183.
2406
What is the remainder when 16828749 is divided by 668?
493
What is the remainder when 125285 is divided by 12?
5
What is the remainder when 4195616 is divided by 2097700?
216
What is the remainder when 5280976 is divided by 1008?
64
What is the remainder when 10294204 is divided by 2751?
271